{"id":14,"date":"2025-07-22T08:13:20","date_gmt":"2025-07-22T08:13:20","guid":{"rendered":"https:\/\/asociacion.holascomunidad.com\/?page_id=14"},"modified":"2025-07-29T19:31:54","modified_gmt":"2025-07-29T19:31:54","slug":"proyectos","status":"publish","type":"page","link":"https:\/\/asociacion.holascomunidad.com\/index.php\/proyectos\/","title":{"rendered":"Proyectos"},"content":{"rendered":"\t\t<div data-elementor-type=\"wp-page\" data-elementor-id=\"14\" class=\"elementor elementor-14\">\n\t\t\t\t<div class=\"elementor-element elementor-element-c1db425 e-flex e-con-boxed e-con e-parent\" data-id=\"c1db425\" data-element_type=\"container\">\n\t\t\t\t\t<div class=\"e-con-inner\">\n\t\t\t\t<div class=\"elementor-element elementor-element-3ae37b2 elementor-widget-divider--view-line elementor-widget elementor-widget-divider\" data-id=\"3ae37b2\" data-element_type=\"widget\" data-widget_type=\"divider.default\">\n\t\t\t\t\t\t\t<div class=\"elementor-divider\">\n\t\t\t<span class=\"elementor-divider-separator\">\n\t\t\t\t\t\t<\/span>\n\t\t<\/div>\n\t\t\t\t\t\t<\/div>\n\t\t\t\t<div class=\"elementor-element elementor-element-3062e30 elementor-widget elementor-widget-heading\" data-id=\"3062e30\" data-element_type=\"widget\" data-widget_type=\"heading.default\">\n\t\t\t\t\t<h2 class=\"elementor-heading-title elementor-size-default\">Proyectos<\/h2>\t\t\t\t<\/div>\n\t\t\t\t<div class=\"elementor-element elementor-element-65986da elementor-widget elementor-widget-text-editor\" data-id=\"65986da\" data-element_type=\"widget\" data-widget_type=\"text-editor.default\">\n\t\t\t\t\t\t\t\t\t<p data-start=\"1023\" data-end=\"1246\">En holaS Comunidad Plateada impulsamos proyectos que mejoran la calidad de vida de las personas mayores, fortalecen lazos comunitarios y apuestan por una sociedad m\u00e1s conectada, activa y significativa para todas las edades.<\/p><p data-start=\"1253\" data-end=\"1440\">Combinamos innovaci\u00f3n social, herramientas digitales, cultura, memoria viva y redes de apoyo para reducir la soledad no deseada y promover la participaci\u00f3n activa de las personas mayores.<\/p><p data-start=\"1447\" data-end=\"1576\">Todos nuestros proyectos se dise\u00f1an desde una perspectiva intergeneracional, con enfoque territorial, participativo y sostenible.<\/p>\t\t\t\t\t\t\t\t<\/div>\n\t\t\t\t<div class=\"elementor-element elementor-element-1eb84e6 elementor-widget elementor-widget-heading\" data-id=\"1eb84e6\" data-element_type=\"widget\" data-widget_type=\"heading.default\">\n\t\t\t\t\t<h2 class=\"elementor-heading-title elementor-size-default\">Emociones Saludables<\/h2>\t\t\t\t<\/div>\n\t\t\t\t\t<\/div>\n\t\t\t\t<\/div>\n\t\t<div class=\"elementor-element elementor-element-98e5956 e-flex e-con-boxed e-con e-parent\" data-id=\"98e5956\" data-element_type=\"container\">\n\t\t\t\t\t<div class=\"e-con-inner\">\n\t\t\t\t<div class=\"elementor-element elementor-element-d9a079f elementor-widget elementor-widget-image\" data-id=\"d9a079f\" data-element_type=\"widget\" data-widget_type=\"image.default\">\n\t\t\t\t\t\t\t\t\t\t\t\t\t\t\t<img fetchpriority=\"high\" decoding=\"async\" width=\"1024\" height=\"599\" src=\"https:\/\/asociacion.holascomunidad.com\/wp-content\/uploads\/2025\/07\/pexels-quang-nguyen-vinh-222549-14210305-1024x599.jpg\" class=\"attachment-large size-large wp-image-211\" alt=\"\" srcset=\"https:\/\/asociacion.holascomunidad.com\/wp-content\/uploads\/2025\/07\/pexels-quang-nguyen-vinh-222549-14210305-1024x599.jpg 1024w, https:\/\/asociacion.holascomunidad.com\/wp-content\/uploads\/2025\/07\/pexels-quang-nguyen-vinh-222549-14210305-300x176.jpg 300w, https:\/\/asociacion.holascomunidad.com\/wp-content\/uploads\/2025\/07\/pexels-quang-nguyen-vinh-222549-14210305-768x450.jpg 768w, https:\/\/asociacion.holascomunidad.com\/wp-content\/uploads\/2025\/07\/pexels-quang-nguyen-vinh-222549-14210305-1536x899.jpg 1536w, https:\/\/asociacion.holascomunidad.com\/wp-content\/uploads\/2025\/07\/pexels-quang-nguyen-vinh-222549-14210305-2048x1199.jpg 2048w\" sizes=\"(max-width: 1024px) 100vw, 1024px\" \/>\t\t\t\t\t\t\t\t\t\t\t\t\t\t\t<\/div>\n\t\t\t\t<div class=\"elementor-element elementor-element-23bf154 elementor-widget elementor-widget-text-editor\" data-id=\"23bf154\" data-element_type=\"widget\" data-widget_type=\"text-editor.default\">\n\t\t\t\t\t\t\t\t\t<p class=\"mb-4\">Emociones Saludables es un programa centrado en el bienestar emocional de personas mayores de 55 a\u00f1os. A trav\u00e9s de encuentros grupales, se trabaja el reconocimiento de las emociones, el desarrollo de habilidades para gestionarlas y la creaci\u00f3n de espacios de escucha y acompa\u00f1amiento.<\/p><p class=\"mb-4\">La propuesta parte de un enfoque psicol\u00f3gico accesible y se adapta a diferentes contextos, tanto presenciales como digitales. Se plantea como una experiencia de aprendizaje colectivo que promueve la autonom\u00eda emocional, el fortalecimiento de v\u00ednculos y la participaci\u00f3n activa en un entorno cuidado y respetuoso.<\/p><p>No requiere conocimientos previos y puede integrarse en programas comunitarios, sociales o institucionales.<\/p>\t\t\t\t\t\t\t\t<\/div>\n\t\t\t\t\t<\/div>\n\t\t\t\t<\/div>\n\t\t<div class=\"elementor-element elementor-element-4244f1a e-flex e-con-boxed e-con e-parent\" data-id=\"4244f1a\" data-element_type=\"container\">\n\t\t\t\t\t<div class=\"e-con-inner\">\n\t\t\t\t<div class=\"elementor-element elementor-element-fa1615e elementor-widget elementor-widget-heading\" data-id=\"fa1615e\" data-element_type=\"widget\" data-widget_type=\"heading.default\">\n\t\t\t\t\t<h2 class=\"elementor-heading-title elementor-size-default\">+ Iniciativas<\/h2>\t\t\t\t<\/div>\n\t\t\t\t<div class=\"elementor-element elementor-element-b6ef202 elementor-widget elementor-widget-image\" data-id=\"b6ef202\" data-element_type=\"widget\" data-widget_type=\"image.default\">\n\t\t\t\t\t\t\t\t\t\t\t\t\t\t\t<img decoding=\"async\" width=\"1024\" height=\"681\" src=\"https:\/\/asociacion.holascomunidad.com\/wp-content\/uploads\/2025\/07\/pexels-shvets-production-8417186-1024x681.jpg\" class=\"attachment-large size-large wp-image-180\" alt=\"\" srcset=\"https:\/\/asociacion.holascomunidad.com\/wp-content\/uploads\/2025\/07\/pexels-shvets-production-8417186-1024x681.jpg 1024w, https:\/\/asociacion.holascomunidad.com\/wp-content\/uploads\/2025\/07\/pexels-shvets-production-8417186-300x200.jpg 300w, https:\/\/asociacion.holascomunidad.com\/wp-content\/uploads\/2025\/07\/pexels-shvets-production-8417186-768x511.jpg 768w, https:\/\/asociacion.holascomunidad.com\/wp-content\/uploads\/2025\/07\/pexels-shvets-production-8417186-1536x1022.jpg 1536w, https:\/\/asociacion.holascomunidad.com\/wp-content\/uploads\/2025\/07\/pexels-shvets-production-8417186-2048x1363.jpg 2048w\" sizes=\"(max-width: 1024px) 100vw, 1024px\" \/>\t\t\t\t\t\t\t\t\t\t\t\t\t\t\t<\/div>\n\t\t\t\t<div class=\"elementor-element elementor-element-c7095ca elementor-widget elementor-widget-text-editor\" data-id=\"c7095ca\" data-element_type=\"widget\" data-widget_type=\"text-editor.default\">\n\t\t\t\t\t\t\t\t\t<p data-start=\"605\" data-end=\"952\">En holaS Comunidad creemos en una idea sencilla pero fundamental: cualquier persona, tenga la edad que tenga, puede seguir aprendiendo, cuid\u00e1ndose y explorando nuevas formas de estar en el mundo. Por eso, impulsamos iniciativas que combinan salud emocional, movimiento f\u00edsico, cultura digital y creatividad, con un enfoque pr\u00e1ctico y accesible.<\/p><p data-start=\"954\" data-end=\"1407\">A lo largo del tiempo hemos colaborado con distintas entidades desarrollando talleres que responden a necesidades reales, desde la formaci\u00f3n en herramientas digitales para aprender a usar mejor el m\u00f3vil, ejercicios b\u00e1sicos para mantener la fuerza y la movilidad en el d\u00eda a d\u00eda. Tambi\u00e9n participamos en espacios donde se pone en valor la sostenibilidad y las habilidades manuales, como los talleres de costura en jornadas de moda responsable.<\/p>\t\t\t\t\t\t\t\t<\/div>\n\t\t\t\t\t<\/div>\n\t\t\t\t<\/div>\n\t\t<div class=\"elementor-element elementor-element-18dbf30 e-flex e-con-boxed e-con e-parent\" data-id=\"18dbf30\" data-element_type=\"container\">\n\t\t\t\t\t<div class=\"e-con-inner\">\n\t\t<div class=\"elementor-element elementor-element-6196783 e-con-full e-flex e-con e-child\" data-id=\"6196783\" data-element_type=\"container\">\n\t\t\t\t<div class=\"elementor-element elementor-element-5840eaa elementor-widget elementor-widget-image\" data-id=\"5840eaa\" data-element_type=\"widget\" data-widget_type=\"image.default\">\n\t\t\t\t\t\t\t\t\t\t\t\t\t\t\t<img decoding=\"async\" src=\"https:\/\/asociacion.holascomunidad.com\/wp-content\/uploads\/2025\/07\/pexels-matazu-multimedia-472768521-33159738-scaled.jpg\" title=\"pexels-matazu-multimedia-472768521-33159738\" alt=\"pexels-matazu-multimedia-472768521-33159738\" loading=\"lazy\" \/>\t\t\t\t\t\t\t\t\t\t\t\t\t\t\t<\/div>\n\t\t\t\t<\/div>\n\t\t<div class=\"elementor-element elementor-element-575df05 e-con-full e-flex e-con e-child\" data-id=\"575df05\" data-element_type=\"container\">\n\t\t\t\t<div class=\"elementor-element elementor-element-81c4d9d elementor-widget elementor-widget-text-editor\" data-id=\"81c4d9d\" data-element_type=\"widget\" data-widget_type=\"text-editor.default\">\n\t\t\t\t\t\t\t\t\t<p data-start=\"1409\" data-end=\"1839\">Estas acciones tienen un hilo com\u00fan, facilitar herramientas para que cada persona pueda tomar un papel activo en su bienestar.&nbsp;<\/p>\n<p data-start=\"1841\" data-end=\"2123\">Nuestras propuestas que parten de la escucha y se adaptan a los contextos, con un enfoque abierto, realista y comprometido.<\/p>\n<p data-start=\"1841\" data-end=\"2123\">Creemos profundamente en el valor de sentirse \u00fatil, de formar parte de una comunidad, de experimentar logros personales, y de sostener un prop\u00f3sito que d\u00e9 sentido a cada etapa de la vida. Ese es nuestro rumbo.<\/p>\t\t\t\t\t\t\t\t<\/div>\n\t\t\t\t<\/div>\n\t\t\t\t\t<\/div>\n\t\t\t\t<\/div>\n\t\t\t\t<\/div>\n\t\t","protected":false},"excerpt":{"rendered":"<p>Proyectos En holaS Comunidad Plateada impulsamos proyectos que mejoran la calidad de vida de las personas mayores, fortalecen lazos comunitarios [&hellip;]<\/p>\n","protected":false},"author":1,"featured_media":0,"parent":0,"menu_order":0,"comment_status":"closed","ping_status":"closed","template":"","meta":{"site-sidebar-layout":"no-sidebar","site-content-layout":"","ast-site-content-layout":"full-width-container","site-content-style":"default","site-sidebar-style":"default","ast-global-header-display":"","ast-banner-title-visibility":"","ast-main-header-display":"","ast-hfb-above-header-display":"","ast-hfb-below-header-display":"","ast-hfb-mobile-header-display":"","site-post-title":"disabled","ast-breadcrumbs-content":"","ast-featured-img":"disabled","footer-sml-layout":"","theme-transparent-header-meta":"","adv-header-id-meta":"","stick-header-meta":"","header-above-stick-meta":"","header-main-stick-meta":"","header-below-stick-meta":"","astra-migrate-meta-layouts":"default","ast-page-background-enabled":"default","ast-page-background-meta":{"desktop":{"background-color":"var(--ast-global-color-5)","background-image":"","background-repeat":"repeat","background-position":"center center","background-size":"auto","background-attachment":"scroll","background-type":"","background-media":"","overlay-type":"","overlay-color":"","overlay-opacity":"","overlay-gradient":""},"tablet":{"background-color":"","background-image":"","background-repeat":"repeat","background-position":"center center","background-size":"auto","background-attachment":"scroll","background-type":"","background-media":"","overlay-type":"","overlay-color":"","overlay-opacity":"","overlay-gradient":""},"mobile":{"background-color":"","background-image":"","background-repeat":"repeat","background-position":"center center","background-size":"auto","background-attachment":"scroll","background-type":"","background-media":"","overlay-type":"","overlay-color":"","overlay-opacity":"","overlay-gradient":""}},"ast-content-background-meta":{"desktop":{"background-color":"var(--ast-global-color-4)","background-image":"","background-repeat":"repeat","background-position":"center center","background-size":"auto","background-attachment":"scroll","background-type":"","background-media":"","overlay-type":"","overlay-color":"","overlay-opacity":"","overlay-gradient":""},"tablet":{"background-color":"var(--ast-global-color-4)","background-image":"","background-repeat":"repeat","background-position":"center center","background-size":"auto","background-attachment":"scroll","background-type":"","background-media":"","overlay-type":"","overlay-color":"","overlay-opacity":"","overlay-gradient":""},"mobile":{"background-color":"var(--ast-global-color-4)","background-image":"","background-repeat":"repeat","background-position":"center center","background-size":"auto","background-attachment":"scroll","background-type":"","background-media":"","overlay-type":"","overlay-color":"","overlay-opacity":"","overlay-gradient":""}},"footnotes":""},"class_list":["post-14","page","type-page","status-publish","hentry"],"yoast_head":"<!-- This site is optimized with the Yoast SEO plugin v26.4 - https:\/\/yoast.com\/wordpress\/plugins\/seo\/ -->\n<title>Proyectos -<\/title>\n<meta name=\"robots\" content=\"index, follow, max-snippet:-1, max-image-preview:large, max-video-preview:-1\" \/>\n<link rel=\"canonical\" href=\"https:\/\/asociacion.holascomunidad.com\/index.php\/proyectos\/\" \/>\n<meta property=\"og:locale\" content=\"es_ES\" \/>\n<meta property=\"og:type\" content=\"article\" \/>\n<meta property=\"og:title\" content=\"Proyectos -\" \/>\n<meta property=\"og:description\" content=\"Proyectos En holaS Comunidad Plateada impulsamos proyectos que mejoran la calidad de vida de las personas mayores, fortalecen lazos comunitarios [&hellip;]\" \/>\n<meta property=\"og:url\" content=\"https:\/\/asociacion.holascomunidad.com\/index.php\/proyectos\/\" \/>\n<meta property=\"article:modified_time\" content=\"2025-07-29T19:31:54+00:00\" \/>\n<meta property=\"og:image\" content=\"https:\/\/asociacion.holascomunidad.com\/wp-content\/uploads\/2025\/07\/pexels-quang-nguyen-vinh-222549-14210305-scaled.jpg\" \/>\n\t<meta property=\"og:image:width\" content=\"2560\" \/>\n\t<meta property=\"og:image:height\" content=\"1498\" \/>\n\t<meta property=\"og:image:type\" content=\"image\/jpeg\" \/>\n<meta name=\"twitter:card\" content=\"summary_large_image\" \/>\n<meta name=\"twitter:label1\" content=\"Tiempo de lectura\" \/>\n\t<meta name=\"twitter:data1\" content=\"2 minutos\" \/>\n<script type=\"application\/ld+json\" class=\"yoast-schema-graph\">{\"@context\":\"https:\/\/schema.org\",\"@graph\":[{\"@type\":\"WebPage\",\"@id\":\"https:\/\/asociacion.holascomunidad.com\/index.php\/proyectos\/\",\"url\":\"https:\/\/asociacion.holascomunidad.com\/index.php\/proyectos\/\",\"name\":\"Proyectos -\",\"isPartOf\":{\"@id\":\"https:\/\/asociacion.holascomunidad.com\/#website\"},\"primaryImageOfPage\":{\"@id\":\"https:\/\/asociacion.holascomunidad.com\/index.php\/proyectos\/#primaryimage\"},\"image\":{\"@id\":\"https:\/\/asociacion.holascomunidad.com\/index.php\/proyectos\/#primaryimage\"},\"thumbnailUrl\":\"https:\/\/asociacion.holascomunidad.com\/wp-content\/uploads\/2025\/07\/pexels-quang-nguyen-vinh-222549-14210305-1024x599.jpg\",\"datePublished\":\"2025-07-22T08:13:20+00:00\",\"dateModified\":\"2025-07-29T19:31:54+00:00\",\"breadcrumb\":{\"@id\":\"https:\/\/asociacion.holascomunidad.com\/index.php\/proyectos\/#breadcrumb\"},\"inLanguage\":\"es\",\"potentialAction\":[{\"@type\":\"ReadAction\",\"target\":[\"https:\/\/asociacion.holascomunidad.com\/index.php\/proyectos\/\"]}]},{\"@type\":\"ImageObject\",\"inLanguage\":\"es\",\"@id\":\"https:\/\/asociacion.holascomunidad.com\/index.php\/proyectos\/#primaryimage\",\"url\":\"https:\/\/asociacion.holascomunidad.com\/wp-content\/uploads\/2025\/07\/pexels-quang-nguyen-vinh-222549-14210305-scaled.jpg\",\"contentUrl\":\"https:\/\/asociacion.holascomunidad.com\/wp-content\/uploads\/2025\/07\/pexels-quang-nguyen-vinh-222549-14210305-scaled.jpg\",\"width\":2560,\"height\":1498},{\"@type\":\"BreadcrumbList\",\"@id\":\"https:\/\/asociacion.holascomunidad.com\/index.php\/proyectos\/#breadcrumb\",\"itemListElement\":[{\"@type\":\"ListItem\",\"position\":1,\"name\":\"Portada\",\"item\":\"https:\/\/asociacion.holascomunidad.com\/\"},{\"@type\":\"ListItem\",\"position\":2,\"name\":\"Proyectos\"}]},{\"@type\":\"WebSite\",\"@id\":\"https:\/\/asociacion.holascomunidad.com\/#website\",\"url\":\"https:\/\/asociacion.holascomunidad.com\/\",\"name\":\"\",\"description\":\"\",\"potentialAction\":[{\"@type\":\"SearchAction\",\"target\":{\"@type\":\"EntryPoint\",\"urlTemplate\":\"https:\/\/asociacion.holascomunidad.com\/?s={search_term_string}\"},\"query-input\":{\"@type\":\"PropertyValueSpecification\",\"valueRequired\":true,\"valueName\":\"search_term_string\"}}],\"inLanguage\":\"es\"}]}<\/script>\n<!-- \/ Yoast SEO plugin. -->","yoast_head_json":{"title":"Proyectos -","robots":{"index":"index","follow":"follow","max-snippet":"max-snippet:-1","max-image-preview":"max-image-preview:large","max-video-preview":"max-video-preview:-1"},"canonical":"https:\/\/asociacion.holascomunidad.com\/index.php\/proyectos\/","og_locale":"es_ES","og_type":"article","og_title":"Proyectos -","og_description":"Proyectos En holaS Comunidad Plateada impulsamos proyectos que mejoran la calidad de vida de las personas mayores, fortalecen lazos comunitarios [&hellip;]","og_url":"https:\/\/asociacion.holascomunidad.com\/index.php\/proyectos\/","article_modified_time":"2025-07-29T19:31:54+00:00","og_image":[{"width":2560,"height":1498,"url":"https:\/\/asociacion.holascomunidad.com\/wp-content\/uploads\/2025\/07\/pexels-quang-nguyen-vinh-222549-14210305-scaled.jpg","type":"image\/jpeg"}],"twitter_card":"summary_large_image","twitter_misc":{"Tiempo de lectura":"2 minutos"},"schema":{"@context":"https:\/\/schema.org","@graph":[{"@type":"WebPage","@id":"https:\/\/asociacion.holascomunidad.com\/index.php\/proyectos\/","url":"https:\/\/asociacion.holascomunidad.com\/index.php\/proyectos\/","name":"Proyectos -","isPartOf":{"@id":"https:\/\/asociacion.holascomunidad.com\/#website"},"primaryImageOfPage":{"@id":"https:\/\/asociacion.holascomunidad.com\/index.php\/proyectos\/#primaryimage"},"image":{"@id":"https:\/\/asociacion.holascomunidad.com\/index.php\/proyectos\/#primaryimage"},"thumbnailUrl":"https:\/\/asociacion.holascomunidad.com\/wp-content\/uploads\/2025\/07\/pexels-quang-nguyen-vinh-222549-14210305-1024x599.jpg","datePublished":"2025-07-22T08:13:20+00:00","dateModified":"2025-07-29T19:31:54+00:00","breadcrumb":{"@id":"https:\/\/asociacion.holascomunidad.com\/index.php\/proyectos\/#breadcrumb"},"inLanguage":"es","potentialAction":[{"@type":"ReadAction","target":["https:\/\/asociacion.holascomunidad.com\/index.php\/proyectos\/"]}]},{"@type":"ImageObject","inLanguage":"es","@id":"https:\/\/asociacion.holascomunidad.com\/index.php\/proyectos\/#primaryimage","url":"https:\/\/asociacion.holascomunidad.com\/wp-content\/uploads\/2025\/07\/pexels-quang-nguyen-vinh-222549-14210305-scaled.jpg","contentUrl":"https:\/\/asociacion.holascomunidad.com\/wp-content\/uploads\/2025\/07\/pexels-quang-nguyen-vinh-222549-14210305-scaled.jpg","width":2560,"height":1498},{"@type":"BreadcrumbList","@id":"https:\/\/asociacion.holascomunidad.com\/index.php\/proyectos\/#breadcrumb","itemListElement":[{"@type":"ListItem","position":1,"name":"Portada","item":"https:\/\/asociacion.holascomunidad.com\/"},{"@type":"ListItem","position":2,"name":"Proyectos"}]},{"@type":"WebSite","@id":"https:\/\/asociacion.holascomunidad.com\/#website","url":"https:\/\/asociacion.holascomunidad.com\/","name":"","description":"","potentialAction":[{"@type":"SearchAction","target":{"@type":"EntryPoint","urlTemplate":"https:\/\/asociacion.holascomunidad.com\/?s={search_term_string}"},"query-input":{"@type":"PropertyValueSpecification","valueRequired":true,"valueName":"search_term_string"}}],"inLanguage":"es"}]}},"_links":{"self":[{"href":"https:\/\/asociacion.holascomunidad.com\/index.php\/wp-json\/wp\/v2\/pages\/14","targetHints":{"allow":["GET"]}}],"collection":[{"href":"https:\/\/asociacion.holascomunidad.com\/index.php\/wp-json\/wp\/v2\/pages"}],"about":[{"href":"https:\/\/asociacion.holascomunidad.com\/index.php\/wp-json\/wp\/v2\/types\/page"}],"author":[{"embeddable":true,"href":"https:\/\/asociacion.holascomunidad.com\/index.php\/wp-json\/wp\/v2\/users\/1"}],"replies":[{"embeddable":true,"href":"https:\/\/asociacion.holascomunidad.com\/index.php\/wp-json\/wp\/v2\/comments?post=14"}],"version-history":[{"count":19,"href":"https:\/\/asociacion.holascomunidad.com\/index.php\/wp-json\/wp\/v2\/pages\/14\/revisions"}],"predecessor-version":[{"id":257,"href":"https:\/\/asociacion.holascomunidad.com\/index.php\/wp-json\/wp\/v2\/pages\/14\/revisions\/257"}],"wp:attachment":[{"href":"https:\/\/asociacion.holascomunidad.com\/index.php\/wp-json\/wp\/v2\/media?parent=14"}],"curies":[{"name":"wp","href":"https:\/\/api.w.org\/{rel}","templated":true}]}}